+ 7*a**6/720 + a**5/40 - 7*a**4/8 + 14*a**2. Let z(g) be the second derivative of o(g). What is z(-5)?
-7
Suppose -13 = -3*g - 1. Suppose -3*c = -c - 6. Let k(b) = -2*b**2 + 9*b - 7. Let s(l) = 10*l**2 - 46*l + 36. Let a(f) = c*s(f) + 16*k(f). Calculate a(g).
-12
Let d(t) = 5*t**2 + 8*t + 9. Let j(p) = 9*p**2 + 15*p + 17. Let v(n) = -7*d(n) + 4*j(n). Let x(b) = b. Let c be x(-4). Give v(c).
5
Let j(k) be the second derivative of -k**3/3 - k**2/2 + k. Let r(u) = 171*u - 164. Let c be r(1). Calculate j(c).
-15
Suppose -y - 25 = 5*c, 0 = -4*y - 0*c - c - 5. Suppose -4*x = 8 - 24. Let f(z) = -1 + y*z**3 - 2*z**2 + 2*z - 5*z**3 + x*z**3. Give f(2).
-13
Let w(q) = -q. Let a = -21 - -15. Let v = -7 - a. Let i(d) = 4*d - 1. Let z(x) = v*i(x) - 5*w(x). What is z(0)?
1
Let t be 206/10 - (-14)/35. Suppose -t = -4*f + d - 7, -3*f = 5*d - 22. Let j(c) = -c**3 + 4*c**2 - 2*c + 5. Calculate j(f).
-3
Let g(w) = -69*w + 2 + 1 - 4 + 72*w - w**2. Give g(1).
1
Let v(r) = r + 17. Suppose -106 = -5*m - 5*d + 89, 0 = -4*d + 8. Suppose -m*u = -38*u - 10. What is v(u)?
7
Let d(p) = p - 2. Let x = 1 + 3. Let j be d(x). Let g = 2 + j. Let f(n) = n**3 - 5*n**2 + 2*n + 3. Give f(g).
-5
Let a(d) = -d + 2. Suppose -10 + 64 = 6*o. Suppose o*m + 25 = -20. Give a(m).
7
Let p(y) = -y + 3. Let z(d) be the first derivative of d**2/2 - 2*d + 12. Let h(n) = 3*p(n) + 2*z(n). Determine h(3).
2
Let a(b) = 1. Let y(u) = -2*u**2 - 3*u - 3. Let f(r) = -4*a(r) - y(r). Determine f(2).
13
Let o be ((-12)/16)/(2 + (-60)/32). Let w(r) = -r. Let h(s) = 2*s - 1. Let b(p) = -3*h(p) - 5*w(p). Determine b(o).
9
Let p(h) = -h**3 + 6*h**2 + 6*h + 13. Let q be (-46 + 43)/(6/(-14)). Calculate p(q).
6
Let x(d) = d**2 - d. Let b(g) = g**3 + g**2 - 4*g - 1. Let u be b(2). Calculate x(u).
6
Let t(s) = -s**2 - 19*s - 55. Suppose -360*k = -333*k + 432. What is t(k)?
-7
Let i(p) = -2*p**2 + 2. Let v(w) = -3*w**2 + 10*w + 2. Let o(s) = -4*i(s) + 2*v(s). Determine o(-9).
-22
Let f(v) = 30*v**3 + v**2 + v - 1. Let z be f(1). Let m(o) = 0 + 7*o + 33*o**2 - z*o**2 - 7. Give m(-6).
23
Let v(o) = -o - 6. Let i be v(-16). Let f(r) = -3*r**2 + 2*r**2 + i - 3. Calculate f(0).
7
Let d(v) = v + 8. Let j(w) = w**2 + 3 - 16 - 6*w + 8*w**2. Let b(y) = 6*y**2 - 4*y - 9. Let z(g) = 7*b(g) - 5*j(g). Let n be z(2). Determine d(n).
2
Suppose -3*z = -5*a - 17, 3*a - 13 = -0*a - 4*z. Suppose 2*u - 6 = 2*x, x + 3*u + 2*u - 27 = 0. Let o(l) = -2*l - 2*l**x - 4 + l**3 + 5 - 2. Give o(a).
-2
Let y(p) = -p**2 + 9*p + 5. Let f(w) = w**2 - 5*w - 4. Let v(o) = -3*f(o) - 2*y(o). Give v(-4).
-2
Let t(f) = 3*f**3 - 12*f**2 - 14*f - 17. Let m(p) = -p**3 - p**2 - 1. Let i(v) = -2*m(v) - t(v). Determine i(15).
4
Let i(y) = -2*y**2 - 2. Suppose 15*x + 33 = 26*x. Calculate i(x).
-20
Suppose 152*t - 148*t = 16. Let g(b) = b**2 - b. Let m(v) = 4*v**2 - 5*v - 5. Let c(x) = 3*g(x) - m(x). Determine c(t).
-3
Let d(n) = 4*n + 3. Let h = -151 - -154. What is d(h)?
15
Let h(g) = 4*g - 6*g**3 - 4*g + g + 0*g + 1. Let z be h(-1). Let x(r) = -r**2 + 4*r - 6. Determine x(z).
-18
Let n be 1 - (-5 + 0)/(-5). Let q(v) = 4*v + 11. Let p(h) = -5*h - 12. Let m(o) = -5*p(o) - 6*q(o). Calculate m(n).
-6
Let x be (-134)/(-335) - (-2)/(-20)*4. Let j(z) be the second derivative of -1/12*z**4 + 1/20*z**5 + x - 1/2*z**2 + z + 1/6*z**3. Calculate j(0).
-1
Let j = 3 + -3. Let t(n) = -n**3 - 3 - 6*n**2 + j*n**3 + 4 + 7*n. Suppose -3*d + 22 = -4*r, -3*d - 27 = -4*r + 7*r. Give t(r).
1
Suppose -4*p + 3*u = u + 104, -106 = 4*p - u. Let k be p/(-18)*(2 - (-8)/3). Let r(c) = -c + 4. Let i(t) = 2*t - 7. Let n(l) = -4*i(l) - 9*r(l). Determine n(k).
-1
Suppose -2*r = -4*b - 18, 0*r = -3*r - b + 6. Let n be 11/1 + (-4 - -4) + -3. Suppose -n = l - r*l. Let f(j) = 3*j. Calculate f(l).
12
Let d(s) = 0*s**3 + s**3 - 4*s**2 - 2*s**3 - s**2 - 5*s. Let t(a) = a + 11. Let l(y) = -4*y + 9. Let h be l(6). Let f be t(h). What is d(f)?
4
Let w(i) = -i**3 + 5*i**2 + 4*i + 3. Let y = -20 - 87. Let o = y + 113. Give w(o).
-9
Let n(i) = -i**2 + 5*i + 6. Let j be n(-4). Let p = j - -24. Let u(l) = 3 + 7*l + l**3 + 7*l**2 + 5 - 1. Calculate u(p).
1
Let h(o) = 36*o - 3*o + 155 + o**2 - 228. What is h(-35)?
-3
Let m = 456 - 434. Let j(z) = z - 35. Calculate j(m).
-13
Let t(h) be the third derivative of -h**8/6720 - h**7/840 + h**6/90 + h**5/24 + h**4/4 - 5*h**2. Let i(x) be the second derivative of t(x). Calculate i(-5).
15
Let u = -228 - -227. Let c(z) = -18*z**3 + z**2 + z. Calculate c(u).
18
Let v(c) be the second derivative of -c**4/24 - 7*c**3/6 - 21*c**2 - 35*c. Let m(r) be the first derivative of v(r). What is m(-7)?
0
Let a(m) be the second derivative of -4*m - 1/6*m**3 + 0*m**2 + 0 - 5/12*m**4. Let r(v) = -v**3 - 7*v**2 + 7*v - 9. Let i be r(-8). What is a(i)?
-4
Let v(o) = o**3 + 7*o**2 + 5*o + 1. Let s(p) = -p + 1. Let t be s(-3). Suppose -t*r = 8 + 16. What is v(r)?
7
Let h = 224 + -226. Let x(v) = -3*v. Calculate x(h).
6
Let k = -618 - -600. Let p(f) = f**3 + 19*f**2 + 18*f + 3. Determine p(k).
3
Let p(y) = y**2 + 4*y + 5. Let o(v) = 2*v**2 + 7*v + 17. Let m(h) = -2*o(h) + 5*p(h). Determine m(-8).
7
Let h(s) = s**3 + 11*s**2 + 5*s + 53. Let t be h(-11). Let j(b) = -3*b**2 + b - 2. Let g(a) = -14*a**2 + 6*a - 10. Let x(z) = 2*g(z) - 11*j(z). Calculate x(t).
20
Let u(t) = 2765*t**2 + 3 - 2764*t**2 + 0*t + 4*t. What is u(-2)?
-1
Let c(i) = -i**3 + i + 0 + 0 + 0*i**3 - i**2 - 10. Let p be 4/2*(-5)/2. Let b = -5 - p. Calculate c(b).
-10
Let k be 2040/18 + (-1)/3. Let i(t) = t - 58 - 3*t + k - 58. Determine i(6).
-15
Suppose -3*o = -25 - 17. Let t(a) = -a**2 + 14*a - 1. What is t(o)?
-1
Let o(i) = 14*i - 525. Let x be o(36). Let h(q) = -q**2 - 22*q - 1. Give h(x).
20
Let a(z) = -z - 5. Let g = 91 + -98. Calculate a(g).
2
Let t(x) be the second derivative of 2/3*x**3 + 0 + 23*x - 3/2*x**2 - 1/6*x**4. Determine t(2).
-3
Let j(b) = 2*b**3 + 33*b**2 + 15*b - 10. Let d(h) = 4*h**3 + 66*h**2 + 30*h - 21. Let z(u) = -4*d(u) + 7*j(u). Give z(-16).
-2
Let s(d) = -3*d**3 - 10*d**2 + 17*d + 13. Let y(q) = -5*q**3 - 20*q**2 + 32*q + 25. Let r(o) = 7*s(o) - 4*y(o). What is r(9)?
-9
Let b(v) = -v**3 + 3*v + 1. Let l(c) = -8*c**3 - 10*c**2 + 31*c + 9. Let x(w) = 7*b(w) - l(w). Calculate x(-11).
-13
Let v(x) = 10*x - 1. Let w be v(1). Let j = w + -9. Let f(d) = 1 - 3*d + j*d + 2*d. Give f(0).
1
Suppose 5*v = -x - 0*x + 16, -v - 16 = 5*x. Let y(p) = -5*p**3 + 6*p**2 - 2*p - 3. Let a(t) = -t**2 + 1. Let o(b) = v*a(b) + y(b). What is o(1)?
-4
Let q(z) be the third derivative of 1/30*z**5 + z**2 + 0*z - 1/6*z**3 + 0*z**4 - 1/20*z**6 + 0. Let d = -25554 - -25555. Calculate q(d).
-5
Let d(q) = -6 + 2*q**2 - q**2 - 2*q**2 - 2 - 6*q + 4. Let n be 3*(-2)/6*5. Give d(n).
1
Let j(p) = -2*p**3 - 2*p**2 + p - 1. Let b(r) = r**3 + 20*r**2 - 34*r + 17. Let y(s) = b(s) + j(s). What is y(16)?
0
Let k(s) be the first derivative of s**3/3 + s**2 + s + 2. Suppose -5 = h - 3*h - 3*y, 0 = -2*h + y + 1. Let w = h - 3. What is k(w)?
1
Let h(i) = i**3 - 8*i**2 + 6*i - 142. Let x be h(9). Let t(o) = -2*o - 16. What is t(x)?
-2
Suppose r - 10 = 5*d, 4*d = -0*d + 3*r - 8. Let x(y) = y**3 + 2*y**2 + 5*y + 5. Let g be x(d). Let u(w) = -4*w - 7. Give u(g).
13
Let x(f) = f**2 + 8*f - 4. Suppose -11*h + 17*h + 36 = 0. What is x(h)?
-16
Suppose -3*a - 21 = t, -2*t - 2*a = -7 + 33. Let l = -13 + 23. Let s = l + t. Let u(w) = 10*w - 1. Give u(s).
9
Let y(a) = 3*a**2 + 54 + 4*a**2 - 41 - 10*a - 6*a**2. What is y(10)?
13
Let o = -51 - -140. Let q(z) = z**3 + 4 - 15*z + 79*z**2 + 3*z + 4 - o*z**2. What is q(11)?
-3
Let c(p) = -p**2 + p - 3. Let o(l) = -l**3 + 3*l**2. Let i be o(3). Let b = 174 - 169. Suppose i = -b*x - n + 6*n + 15, 2*n = -3*x - 6. What is c(x)?
-3
Let x(d) be the first derivative of -2/3*d**3 - 15 + d**2 - 2*d. Give x(2).
-6
Let h(f) = -27 - 4 + 67 + 3*f - 2 + 1. Give h(-13).
-4
Suppose -2*l = x + 13, -4*x + 0*x - 5*l - 37 = 0. Let n(s) = -3*s**2 - s**3 - 3*s + 0*s**3 + 0*s. Determine n(x).
9
Let c(f) = -11*f**2 + 29*f - 23. Suppose -m - 2 + 4 = 0. Let p(n) = m + 10*n - 2 + 30*n**2 - 8 - 34*n**2. Let u(z) = 3*c(z) - 8*p(z). Determine u(7).
-5
Let z(k) be the second derivative of -k**4/4 - 2*k**3/3 - k**2 - k. Suppose -76*m = 53*m + 258. Give z(m).
-6
Let t(g) = 10*g**2 - 4*g - 19. Let k(h) = -3*h**2 + h + 6. Let n(l) = -7*k(l